{"id":292,"date":"2014-07-16T23:46:34","date_gmt":"2014-07-16T23:46:34","guid":{"rendered":"http:\/\/aipc.co\/?page_id=292"},"modified":"2017-06-23T11:59:55","modified_gmt":"2017-06-23T16:59:55","slug":"acerca-de","status":"publish","type":"page","link":"https:\/\/paginasrandom.com\/impetuosa\/acerca-de\/","title":{"rendered":"Acerca de"},"content":{"rendered":"<h3>Introducci\u00f3n<\/h3>\n<p>Originalmente concebida como la AIPC, impetuosa es una organizaci\u00f3n que surge a ra\u00edz del Encuentro Internacional de Revistas y Suplementos Culturales que tuvo lugar en 2014, en Quer\u00e9taro, M\u00e9xico. El objetivo inicial, a sugerencia de Cissi Montilla y Will Rodr\u00edguez, fue dar continuidad a los encuentros organizados en <a href=\"http:\/\/www.culturaqueretaro.gob.mx\/encuentroderevistas\/semblanzas.html\" target=\"_blank\">2011<\/a> y <a href=\"http:\/\/www.queretaro.gob.mx\/documentos_interna1.aspx?q=vUYGbsxLnlhMUo9rm3Pr8ZVjcZ02K8Jy\" target=\"_blank\">2012<\/a> a nivel regional\/nacional por el Instituto Queretano de la Cultura y las Artes.<\/p>\n<p>Como publicaci\u00f3n independiente, impetuosa aborda los m\u00e1rgenes de la metatextualidad al encontrarse concebida en un espacio medio entre la encarnaci\u00f3n de un manual inmediato para las publicaciones digitales de corte cultural y la b\u00fasqueda de ejemplos y casos de relevancia para la comunidad de editores y productores de contenido web en ese rubro.<br \/>\nAs\u00ed el proyecto pretende servir como ejemplo y gu\u00eda a las publicaciones culturales, defini\u00e9ndose hacia un \u00e1ngulo m\u00e1s amigable y legible que deje de lado la institucionalidad para dar paso a una encarnaci\u00f3n elegante pero moderna, sencilla pero novedosa en su claridad. <\/p>\n<p>La pol\u00edtica de sus contenidos incluye: <\/p>\n<ul>\n<li>Analizar las publicaciones culturales vigentes.<\/li>\n<li>Difundir experiencias de primera mano sobre c\u00f3mo adquirir recursos.<\/li>\n<\/ul>\n<h3>Historia<\/h3>\n<p>Durante el encuentro y en pl\u00e1ticas posteriores se habl\u00f3 de crear un espacio en donde pudieran compartirse las experiencias de los editores y colaboradores de las publicaciones culturales. Esta plataforma tendr\u00eda que ser independiente de las instituciones gubernamentales y de car\u00e1cter internacional, como resultado de la participaci\u00f3n y el inter\u00e9s de representantes de publicaciones de otros pa\u00edses en el encuentro  de 2014.<\/p>\n<p>En un primer intento surgi\u00f3 el grupo de Facebook <a href=\"https:\/\/www.facebook.com\/groups\/300625746718042\/\" target=\"_blank\"><em>Revistas culturales de M\u00e9xico<\/em><\/a> \u2014ahora llamado Producci\u00f3n de Revistas Culturales\u2014 y se cre\u00f3 un peque\u00f1o sitio web que sirvi\u00f3 como precedente. Al reformular las necesidades puntuales de los editores y los recursos con los que se contaba se tom\u00f3 la decisi\u00f3n de reforzar el proyecto del sitio web, esta vez incluyendo publicaciones como archivos digitales, blogs y propuestas novedosas, entre ellas la posibilidad de que los representantes de las publicaciones culturales pudieran ofrecer servicios especializados tanto entre los miembros de la reci\u00e9n formada asociaci\u00f3n como en la industria editorial en general.<\/p>\n<h3>Objetivos<\/h3>\n<ul>\n<li>Establecer gu\u00edas claras sobre la producci\u00f3n y difusi\u00f3n de medios culturales alternativos mediante casos de estudio.<\/li>\n<li>Brindar cobertura a  eventos culturales, con especial \u00e9nfasis en los relacionados con publicaciones independientes, y emplearlos como fuente de informaci\u00f3n.<\/li>\n<li>Documentar y difundir en este sitio web y las redes sociales, las experiencias de los miembros de la organizaci\u00f3n, y las ideas que puedan impulsar hacia una comunidad m\u00e1s activa y participativa.<\/li>\n<\/ul>\n<h3>Comit\u00e9<\/h3>\n<p>Jos Velasco<br \/>\nDesarrollador web y fundador<\/p>\n<p>Jos\u00e9 P\u00e9rez<br \/>\nEditor<\/p>\n<p>Lizeth Ar\u00e1mbula<br \/>\nConsejera editorial<\/p>\n<p>Will Rodr\u00edguez<br \/>\nRelaciones p\u00fablicas<\/p>\n<p>Cissi Montilla<br \/>\nAsesora en gesti\u00f3n cultural<\/p>\n<p>Cecilia Maga\u00f1a<br \/>\nColaboradora<\/p>\n","protected":false},"excerpt":{"rendered":"<p>Introducci\u00f3n Originalmente concebida como la AIPC, impetuosa es una organizaci\u00f3n que surge a ra\u00edz del Encuentro Internacional de Revistas y Suplementos Culturales que tuvo lugar en 2014, en Quer\u00e9taro, M\u00e9xico. El objetivo inicial, a sugerencia de Cissi Montilla y Will<\/p>\n","protected":false},"author":1,"featured_media":0,"parent":0,"menu_order":0,"comment_status":"closed","ping_status":"closed","template":"","meta":{"_acf_changed":false,"_ppp_document_settings_meta":"","footnotes":"","_links_to":"","_links_to_target":""},"class_list":["post-292","page","type-page","status-publish","hentry"],"acf":[],"_links":{"self":[{"href":"https:\/\/paginasrandom.com\/impetuosa\/wp-json\/wp\/v2\/pages\/292","targetHints":{"allow":["GET"]}}],"collection":[{"href":"https:\/\/paginasrandom.com\/impetuosa\/wp-json\/wp\/v2\/pages"}],"about":[{"href":"https:\/\/paginasrandom.com\/impetuosa\/wp-json\/wp\/v2\/types\/page"}],"author":[{"embeddable":true,"href":"https:\/\/paginasrandom.com\/impetuosa\/wp-json\/wp\/v2\/users\/1"}],"replies":[{"embeddable":true,"href":"https:\/\/paginasrandom.com\/impetuosa\/wp-json\/wp\/v2\/comments?post=292"}],"version-history":[{"count":0,"href":"https:\/\/paginasrandom.com\/impetuosa\/wp-json\/wp\/v2\/pages\/292\/revisions"}],"wp:attachment":[{"href":"https:\/\/paginasrandom.com\/impetuosa\/wp-json\/wp\/v2\/media?parent=292"}],"curies":[{"name":"wp","href":"https:\/\/api.w.org\/{rel}","templated":true}]}}

<h3>Introducción</h3>
<p>Originalmente concebida como la AIPC, impetuosa es una organización que surge a raíz del Encuentro Internacional de Revistas y Suplementos Culturales que tuvo lugar en 2014, en Querétaro, México. El objetivo inicial, a sugerencia de Cissi Montilla y Will Rodríguez, fue dar continuidad a los encuentros organizados en <a href="http://www.culturaqueretaro.gob.mx/encuentroderevistas/semblanzas.html" target="_blank">2011</a> y <a href="http://www.queretaro.gob.mx/documentos_interna1.aspx?q=vUYGbsxLnlhMUo9rm3Pr8ZVjcZ02K8Jy" target="_blank">2012</a> a nivel regional/nacional por el Instituto Queretano de la Cultura y las Artes.</p>
<p>Como publicación independiente, impetuosa aborda los márgenes de la metatextualidad al encontrarse concebida en un espacio medio entre la encarnación de un manual inmediato para las publicaciones digitales de corte cultural y la búsqueda de ejemplos y casos de relevancia para la comunidad de editores y productores de contenido web en ese rubro.<br />
Así el proyecto pretende servir como ejemplo y guía a las publicaciones culturales, definiéndose hacia un ángulo más amigable y legible que deje de lado la institucionalidad para dar paso a una encarnación elegante pero moderna, sencilla pero novedosa en su claridad. </p>
<p>La política de sus contenidos incluye: </p>
<ul>
<li>Analizar las publicaciones culturales vigentes.</li>
<li>Difundir experiencias de primera mano sobre cómo adquirir recursos.</li>
</ul>
<h3>Historia</h3>
<p>Durante el encuentro y en pláticas posteriores se habló de crear un espacio en donde pudieran compartirse las experiencias de los editores y colaboradores de las publicaciones culturales. Esta plataforma tendría que ser independiente de las instituciones gubernamentales y de carácter internacional, como resultado de la participación y el interés de representantes de publicaciones de otros países en el encuentro  de 2014.</p>
<p>En un primer intento surgió el grupo de Facebook <a href="https://www.facebook.com/groups/300625746718042/" target="_blank"><em>Revistas culturales de México</em></a> —ahora llamado Producción de Revistas Culturales— y se creó un pequeño sitio web que sirvió como precedente. Al reformular las necesidades puntuales de los editores y los recursos con los que se contaba se tomó la decisión de reforzar el proyecto del sitio web, esta vez incluyendo publicaciones como archivos digitales, blogs y propuestas novedosas, entre ellas la posibilidad de que los representantes de las publicaciones culturales pudieran ofrecer servicios especializados tanto entre los miembros de la recién formada asociación como en la industria editorial en general.</p>
<h3>Objetivos</h3>
<ul>
<li>Establecer guías claras sobre la producción y difusión de medios culturales alternativos mediante casos de estudio.</li>
<li>Brindar cobertura a  eventos culturales, con especial énfasis en los relacionados con publicaciones independientes, y emplearlos como fuente de información.</li>
<li>Documentar y difundir en este sitio web y las redes sociales, las experiencias de los miembros de la organización, y las ideas que puedan impulsar hacia una comunidad más activa y participativa.</li>
</ul>
<h3>Comité</h3>
<p>Jos Velasco<br />
Desarrollador web y fundador</p>
<p>José Pérez<br />
Editor</p>
<p>Lizeth Arámbula<br />
Consejera editorial</p>
<p>Will Rodríguez<br />
Relaciones públicas</p>
<p>Cissi Montilla<br />
Asesora en gestión cultural</p>
<p>Cecilia Magaña<br />
Colaboradora</p>

<p>Introducción Originalmente concebida como la AIPC, impetuosa es una organización que surge a raíz del Encuentro Internacional de Revistas y Suplementos Culturales que tuvo lugar en 2014, en Querétaro, México. El objetivo inicial, a sugerencia de Cissi Montilla y Will</p>
